3068. Give j(-133).
3
Let l(g) = 2*g**2 + 241*g - 3047. What is l(12)?
133
Let r(m) = -5*m**2 - 660*m + 8565. What is r(-144)?
-75
Let r(o) = o**3 + 35*o**2 - 1132*o - 38690. What is r(-38)?
-6
Let h(w) = -343*w**2 - 15091*w + 40. What is h(-44)?
-4
Let c(b) = b**2 + 2242*b - 161849. Calculate c(70).
-9
Let m(g) = 18966*g + 5101844. What is m(-269)?
-10
Let f(x) = -4077*x + 69528. Determine f(17).
219
Let s(k) = -28*k + 3227. Calculate s(97).
511
Let n(l) = -l**3 + 11*l**2 - 9232*l + 73740. Determine n(8).
76
Let c(u) = -3*u**2 - 1266*u - 132114. Calculate c(-233).
-3
Let o(m) = -192*m**2 + 4832*m - 30. Calculate o(26).
-4190
Let m(p) = -p**3 + 97*p**2 - 6*p + 10106. What is m(98)?
-86
Let s(a) = -20077*a + 522030. Determine s(26).
28
Let z(f) = 1906*f + 1923. Calculate z(-1).
17
Let l(v) = 298016*v + 595987. Calculate l(-2).
-45
Let p(j) = -j**3 - 2315*j**2 + 9271*j - 11611. Calculate p(-2319).
-16
Let n(l) = -l**3 + 614*l**2 + 82991*l - 147. What is n(-114)?
-33
Let p(y) = -18261*y + 347078. What is p(19)?
119
Let m(n) = -99*n**3 + 392*n**2 + 14*n + 11. What is m(4)?
3
Let n(b) = -44*b**2 + 2425*b + 10112. Determine n(59).
23
Let q(t) = -2*t**3 - 74*t**2 + 966*t - 4438. What is q(-48)?
-118
Let x(s) = s**3 + 62*s**2 + 675*s + 1950. What is x(-8)?
6
Let i(a) = 203*a - 2161. Give i(17).
1290
Let r(s) = -618*s - 7912. Calculate r(-13).
122
Let n(k) = 2060*k - 226591. Give n(110).
9
Let b(j) = -5*j**3 + 2*j**2 + 1992*j + 5981. What is b(-3)?
158
Let r(j) = 2*j**3 + 169*j**2 + 397*j - 260. Determine r(-82).
806
Let l(t) = 255*t**2 + 1096*t - 3. Give l(-4).
-307
Let c(o) = -3*o**3 + 388*o**2 - 1623*o - 246. Determine c(125).
4
Let r(i) = i**3 - 68*i**2 - 72*i + 4884. What is r(68)?
-12
Let a(y) = 2145*y - 8550. Determine a(4).
30
Let b(k) = 14*k**3 - k**2 + 198*k + 198. What is b(-1)?
-15
Let o(j) = j**2 + 152268*j - 913650. What is o(6)?
-6
Let l(x) = x**3 - 43*x**2 + 422*x - 17789. Give l(42).
-1829
Let p(f) = 4*f**2 + 2466*f + 57058. What is p(-24)?
178
Let i(o) = -3*o**3 + 83*o**2 - 1246*o + 58542. Give i(33).
0
Let n(b) = -31*b**2 - 9*b - 3. What is n(-1)?
-25
Let n(h) = 1280*h + 567032. Give n(-443).
-8
Let c(a) = 433*a**2 + 35*a + 81. What is c(-2)?
1743
Let z(k) = -7*k**3 + 651*k**2 - 1895*k + 445. Give z(90).
-5
Let u(q) = q**3 + 66*q**2 - 67*q + 719. What is u(-67)?
719
Let y(g) = -404*g + 2404. Determine y(7).
-424
Let q(s) = 67619*s - 67679. What is q(1)?
-60
Let r(g) = g**3 - 22*g**2 - 130*g + 2463. Give r(23).
2
Let a(c) = 44*c**2 + 46*c - 229. Give a(4).
659
Let u(s) = s**3 - 48*s**2 + 93*s + 248. Determine u(46).
294
Let l(a) = 226003*a + 1582018. What is l(-7)?
-3
Let b(s) = -2*s**3 + 90*s**2 + 106*s - 450. What is b(46)?
194
Let k(s) = -2*s**2 + 46*s + 164. What is k(31)?
-332
Let o(g) = -g**2 - 65*g + 384. Calculate o(-56).
888
Let q(h) = -118178*h - 590932. Calculate q(-5).
-42
Let j(r) = 10*r**2 - 1756*r + 12775. Determine j(168).
7
Let c(o) = 2*o**3 - 589*o**2 + 4994*o - 37758. Determine c(286).
-6
Let b(x) = -233*x**2 - 649*x + 651. What is b(1)?
-231
Let p(d) = d**3 - 24*d**2 + 202*d - 1189. What is p(14)?
-321
Let d(a) = 967*a**2 + 7771*a - 16. Give d(-8).
-296
Let u(c) = c**2 - 57*c + 942. Calculate u(11).
436
Let z(q) = -74*q - 5202. Determine z(5).
-5572
Let n(b) = b**3 - 373*b**2 + 4080*b + 90979. Give n(361).
7
Let x(s) = 123*s + 30856. Give x(-257).
-755
Let o(l) = 172*l**2 + 13767*l + 565. Give o(-80).
5
Let h(i) = 101*i + 737. What is h(11)?
1848
Let k(w) = -14680*w - 851443. Calculate k(-58).
-3
Let j(x) = -726*x**2 - 69*x - 29. Give j(-1).
-686
Let c(p) = -24976*p - 274719. What is c(-11)?
17
Let w(g) = -4645*g - 148678. Calculate w(-32).
-38
Let m(b) = -6*b**2 + 1486*b + 9639. What is m(254)?
-13
Let b(a) = 39744*a + 1510384. What is b(-38)?
112
Let c(x) = x**2 + 1719*x + 299827. What is c(-197)?
-7
Let b(s) = 7*s**3 + 496*s**2 - 72*s - 56. What is b(-71)?
15
Let j(f) = 1352*f + 2503. Calculate j(-2).
-201
Let p(k) = 6245*k - 50116. What is p(8)?
-156
Let c(d) = -d**2 + 183*d + 12934. Determine c(-55).
-156
Let z(j) = j**2 - 36415*j + 182060. Give z(5).
10
Let a(y) = -983*y + 245760. Determine a(250).
10
Let b(a) = 84963*a + 594766. Give b(-7).
25
Let h(z) = 2*z**3 - 72*z**2 + 534*z - 6945. Calculate h(31).
-1
Let k(l) = 2*l**2 - 202*l + 3679. Give k(20).
439
Let a(f) = -83*f**2 + 814*f - 2002. Determine a(5).
-7
Let i(g) = 396*g - 16917. Determine i(37).
-2265
Let q(a) = -2*a**2 - 67*a + 3128. Give q(-58).
286
Let u(y) = -5*y**3 - 27*y**2 + 371*y - 902. Give u(7).
-1343
Let v(u) = u**3 - 136*u**2 - 414*u - 38. What is v(139)?
379
Let j(z) = -z**2 - 272*z - 10406. Determine j(-46).
-10
Let n(h) = -2*h**2 - 1842*h - 14736. Calculate n(-8).
-128
Let s(b) = 10*b**3 + 16*b**2 - 792*b - 2378. Calculate s(-3).
-128
Let p(s) = 53*s + 328. Give p(-19).
-679
Let k(z) = z**3 + 22*z**2 + 104*z + 867. Calculate k(-20).
-413
Let q(r) = -163*r + 18335. What is q(113)?
-84
Let q(t) = -1440*t**2 + 20233*t - 1024. Calculate q(14).
-2
Let j(n) = -1322*n - 7810. Calculate j(-6).
122
Let q(j) = -101718*j - 1220669. Determine q(-12).
-53
Let s(f) = 66*f**2 - 505*f - 195. Determine s(8).
-11
Let k(b) = -b**3 + 145*b**2 - 166*b + 2840. What is k(144)?
-328
Let r(l) = l**3 + 245*l**2 + 1582*l + 326468. Give r(-244).
-4
Let a(k) = -1222*k + 315706. Calculate a(258).
430
Let u(x) = -241*x**2 - 5788*x + 155. Determine u(-24).
251
Let b(q) = 22908*q - 114582. Determine b(5).
-42
Let j(h) = 2*h**3 + 46*h**2 + 157*h - 1003. What is j(-10)?
27
Let d(m) = 3312347*m - 23186452. What is d(7)?
-23
Let u(b) = -b**2 - 5333*b + 161766. What is u(30)?
876
Let z(g) = -2*g**3 - 249*g**2 - 2718*g - 390091. Give z(-126).
5
Let q(m) = 3*m**3 - 673*m**2 + 370*m - 32740. Give q(224).
-36
Let b(d) = -30*d**2 - 212*d - 245. Give b(-6).
-53
Let y(j) = 2*j**3 + 38*j**2 + 58*j - 88. Calculate y(-17).
82
Let r(z) = z**3 + 810*z**2 + 4032*z + 5631. Calculate r(-805).
-4
Let o(w) = -20964*w + 62939. What is o(3)?
47
Let r(y) = -16*y**2 - 6713*y + 68739. Give r(10).
9
Let w(p) = 5*p**3 - 79*p**2 + 189*p - 111. Calculate w(1).
4
Let n(c) = -1300*c - 8927. What is n(-7)?
173
Let u(h) = -h**3 + 133*h**2 - 89*h + 30054. Determine u(134).
172
Let n(j) = -3*j**2 + 359*j - 10339. Determine n(48).
-19
Let d(g) = -35710*g - 5463580. Calculate d(-153).
50
Let c(i) = -5*i**2 - 5. Give c(13).
-850
Let l(p) = 22031*p - 1035668. Calculate l(47).
-211
Let x(g) = -g**2 + 76796*g - 8052546. Give x(105).
9
Let r(o) = 79*o**3 + 7*o**2 + 94*o - 450. What is r(4)?
5094
Let l(g) = -1133*g - 61857. Calculate l(-55).
458
Let k(t) = -t**2 - 1387*t - 49935. Give k(-37).
15
Let a(u) = -14*u**2 - 19*u - 56. Calculate a(6).
-674
Let i(f) = -4*f**2 + 616*f + 12334. Calculate i(172).
-50
Let y(z) = -17*z**3 - 662*z**2 + 46*z + 272. What is y(-39)?
-1
Let f(k) = -k**3 + 5*k**2 - 12490*k + 87518. What is f(7)?
-10
Let o(n) = -9*n**3 - 170*n**2 + 1969*n - 25. Calculate o(-27).
29
Let q(j) = 4*j**2 - 187*j + 926. Calculate q(5).
91
Let z(y) = 8*y**2 + 408*y - 718. Determine z(-54).
578
Let c(d) = 656230*d - 1968666. Calculate c(3).
24
Let r(o) = o**3 + 11*o**2 + 742*o + 5184. Give r(-7).
186
Let m(a) = -1424*a + 122457. Calculate m(86).
-7
Let r(g) = -g**2 - 1579*g + 9530. What is r(6)?
20
Let b(f) = 1089*f + 453040. Determine b(-416).
16
Let s(k) = -5*k**3 - 14*k**2 + 20*k + 331. Give s(-6).
787
Let c(i) = -4479*i - 143415. Give c(-32).
-87
Let i(a) = 67596*a + 1081572. What is i(-16)?
36
Let u(z) = 810*z + 4554. Give u(-5).
504
Let j(l) = -40526*l + 1458951. Give j(36).
15
Let q(j) = 105*j**2 - 7355*j + 354. Determine q(70).
4
Let w(m) = m**3 + 103*m**2 + 498*m + 28. Calculate w(-5).
-12
Let p(n) = -8*n**3 + 1914*n - 1915. Determine p(1).
-9
Let a(o) = o**3 - 142*o**2 + 268*o + 136. Calculate a(140).
-1544
Let m(s) = -2*s**2 + 13772*s - 329361. Determine m(24).
15
Let i(j) = -j**3 + 7956*j**2 - 15965*j + 116. What is i(2)?
2
Let x(m) = 42*m**2 + 557*m + 62. Determine x(-13).
-81
Let v(k) = 2*k**2 + 1915*k + 24623. What is v(-13)?
66
Let o(i) = 862*i + 161129. What is o(-187)?
-65
Let g(l) = -26*l**2 - 3408*l + 10217. Determine g(3).
-241
Let k(r) = 93*r**2 - 8110*r + 1643. Give k(87).
-10
Let h(p) = 2886*p - 326. Give h(0).
-326
Let v(h) = -h**2 + 15824*h - 1525517. Give v(97).
2
Let u(j) = -3